{"id":132,"date":"2025-01-19T11:05:27","date_gmt":"2025-01-19T11:05:27","guid":{"rendered":"https:\/\/juhlasomistus.info\/?page_id=132"},"modified":"2026-03-22T10:43:33","modified_gmt":"2026-03-22T10:43:33","slug":"hinnasto","status":"publish","type":"page","link":"https:\/\/juhlasomistus.info\/?page_id=132","title":{"rendered":"Hinnasto"},"content":{"rendered":"\n<figure class=\"wp-block-table\"><table class=\"has-fixed-layout\"><tbody><tr><td><strong>Tuote\/ Palvelu<\/strong><\/td><td><strong>V\u00e4ri<\/strong><\/td><td><strong>Hinta<\/strong> <strong>vuokrattuna<\/strong><\/td><td><strong>Hinta<\/strong> <strong>valmiiksi asennettuina<\/strong><\/td><\/tr><tr><td><strong>Spandex-tuolihuput,<br><\/strong>Huom. Katso alempaa kaikki hintavaihtoehdot<\/td><td>musta tai valkoinen<\/td><td><strong>2,30 \u20ac\/kpl<\/strong><\/td><td><strong>4,50 \u20ac\/kpl &nbsp;<\/strong><\/td><\/tr><tr><td><br><br><strong>Spandex-tuolihupun s\u00e4vynauha <br><br><br><\/strong><\/td><td>pinkit, lilat, harmaa, kulta, oranssi, vihre\u00e4<\/td><td><strong>0,60 \u20ac\/kpl<\/strong><\/td><td><strong>1,00 \u20ac\/kpl<\/strong><\/td><\/tr><tr><td><strong>Ikkunaverhot vaihdettuina (kes\u00e4kodin kirjavien  tilalle )<\/strong><\/td><td>valkoiset<\/td><td><strong>&nbsp;&nbsp;&nbsp;&#8211; &#8211; &#8211;<\/strong><\/td><td><strong>Isoon saliin 95 \u20ac (8 ikkunaa)<br>Pieneen saliin 45 \u20ac (4 ikkunaa)<\/strong><\/td><\/tr><tr><td><strong><br>Esityslavan taustaverhoilu<br>(5 kaksoisverhoa)<\/strong><\/td><td>valkoisemmat kuin Kes\u00e4kodin verhot<\/td><td><strong>&nbsp;&nbsp;&nbsp;&#8211; &#8211; &#8211;<\/strong><\/td><td><strong>120 \u20ac<\/strong><\/td><\/tr><tr><td><strong>Kattoverhoilu <\/strong>(7 kpl)<\/td><td>valkoinen tai musta<br><br>kaksiv\u00e4risen\u00e4:<br>&#8211; musta-valkoinen <br>&#8211; sini-valkoinen <br>&#8211; vihre\u00e4-valkoinen<\/td><td>ilman s\u00e4vynauhaa<br><br><br><br>(kuten kuvissa mus-valkoinen)<\/td><td><strong>235 \u20ac<\/strong><br><br><br><br><br><strong>255 \u20ac<\/strong><\/td><\/tr><tr><td><strong>Kattoverhoilu <\/strong>(7 kpl)<\/td><td>valkoinen tai musta<\/td><td>s\u00e4vynauhan kanssa<\/td><td><strong>295 \u20ac<\/strong><\/td><\/tr><tr><td><strong>Led-t\u00e4htitaivas valaistus &nbsp;&nbsp;<\/strong><br><\/td><td>2500 tunnelmallista ledi\u00e4<\/td><td><\/td><td><strong>75 \u20ac<\/strong><\/td><\/tr><tr><td><strong>8-kulmaiset pylv\u00e4\u00e4t<\/strong><\/td><td>valkoiset, 2 kpl<\/td><td><\/td><td><strong>15 \u20ac\/ kpl<\/strong><\/td><\/tr><tr><td><strong>Lyhdyt<\/strong><\/td><td>valkoinen, musta<\/td><td><\/td><td><strong>5-10 \u20ac\/ kpl<\/strong><\/td><\/tr><\/tbody><\/table><\/figure>\n\n\n\n<p><\/p>\n\n\n\n<p><strong>T\u00e4ss\u00e4 lis\u00e4tietoa tuolihuppujen hintavaihtoehdoista:<br><br>Vaihtoehto A<br><\/strong>Vuokra 2,30 \u20ac\/kpl. Asiakas asentaa ne itse ja poistaa tilaisuuden j\u00e4lkeen itse.<strong><br><\/strong><\/p>\n\n\n\n<p><strong>Vaihtoehto B<br><\/strong>Vuokra 3,00 \u20ac\/kpl. Asiakas asentaa ne itse ja j\u00e4tt\u00e4\u00e4 tuoleihin tilaisuuden j\u00e4lkeen (eli me poistamme ne tuoleista seuraavana aamuna). <\/p>\n\n\n\n<p><\/p>\n\n\n\n<p><strong>Vaihtoehto C<br><\/strong>Vuokra 4,00 \u20ac\/kpl. Me asennamme huput ja asiakas poistaa ne itse tilaisuuden j\u00e4lkeen.<\/p>\n\n\n\n<p><strong>Vaihtoehto D<br><\/strong>Vuokra 4,50 \u20ac\/kpl. Me asennamme huput ja asiakas j\u00e4tt\u00e4\u00e4 ne tuoleihin tilaisuuden j\u00e4lkeen&nbsp;(eli me poistamme ne tuoleista seuraavana aamuna). <\/p>\n\n\n\n<p>T\u00e4st\u00e4 hinnasta saat alennusta 0,50 \u20ac\/kpl, jos tilaat meilt\u00e4 my\u00f6s loppusiivouspalvelun (t\u00e4st\u00e4 palvelusta lis\u00e4tietoa sivuvalikosta \u00b4muut palvelut\u00b4).<\/p>\n\n\n\n<p><\/p>\n\n\n\n<p><\/p>\n\n\n\n<p><strong>Kuvat<\/strong> <strong>tuolihupuista ja stretch-nauhoista<\/strong><\/p>\n\n\n\n<figure class=\"wp-block-gallery has-nested-images columns-default is-cropped wp-block-gallery-1 is-layout-flex wp-block-gallery-is-layout-flex\">\n<figure class=\"wp-block-image size-large\"><img loading=\"lazy\" decoding=\"async\" width=\"800\" height=\"600\" data-id=\"195\" src=\"https:\/\/juhlasomistus.info\/wp-content\/uploads\/2025\/04\/Tuolihuput-valkoinen-ja-mustai-3.png\" alt=\"\" class=\"wp-image-195\" srcset=\"https:\/\/juhlasomistus.info\/wp-content\/uploads\/2025\/04\/Tuolihuput-valkoinen-ja-mustai-3.png 800w, https:\/\/juhlasomistus.info\/wp-content\/uploads\/2025\/04\/Tuolihuput-valkoinen-ja-mustai-3-300x225.png 300w, https:\/\/juhlasomistus.info\/wp-content\/uploads\/2025\/04\/Tuolihuput-valkoinen-ja-mustai-3-768x576.png 768w\" sizes=\"auto, (max-width: 800px) 100vw, 800px\" \/><\/figure>\n\n\n\n<figure class=\"wp-block-image size-large\"><img loading=\"lazy\" decoding=\"async\" width=\"800\" height=\"600\" data-id=\"196\" src=\"https:\/\/juhlasomistus.info\/wp-content\/uploads\/2025\/04\/Soljet-uusin.png\" alt=\"\" class=\"wp-image-196\" srcset=\"https:\/\/juhlasomistus.info\/wp-content\/uploads\/2025\/04\/Soljet-uusin.png 800w, https:\/\/juhlasomistus.info\/wp-content\/uploads\/2025\/04\/Soljet-uusin-300x225.png 300w, https:\/\/juhlasomistus.info\/wp-content\/uploads\/2025\/04\/Soljet-uusin-768x576.png 768w\" sizes=\"auto, (max-width: 800px) 100vw, 800px\" \/><\/figure>\n<\/figure>\n\n\n\n<p><\/p>\n\n\n\n<p><\/p>\n\n\n\n<p><\/p>\n\n\n\n<p><\/p>\n\n\n\n<p><\/p>\n\n\n\n<p><\/p>\n\n\n\n<p><\/p>\n\n\n\n<p><\/p>\n\n\n\n<p><\/p>\n\n\n\n<p><\/p>\n\n\n\n<p><\/p>\n\n\n\n<p><\/p>\n\n\n\n<p><\/p>\n","protected":false},"excerpt":{"rendered":"<p>Tuote\/ Palvelu V\u00e4ri Hinta vuokrattuna Hinta valmiiksi asennettuina Spandex-tuolihuput,Huom. Katso alempaa kaikki hintavaihtoehdot musta tai valkoinen 2,30 \u20ac\/kpl 4,50 \u20ac\/kpl &nbsp; Spandex-tuolihupun s\u00e4vynauha pinkit, lilat, harmaa, kulta, oranssi, vihre\u00e4 0,60 \u20ac\/kpl 1,00 \u20ac\/kpl Ikkunaverhot vaihdettuina (kes\u00e4kodin kirjavien tilalle ) valkoiset &nbsp;&nbsp;&nbsp;&#8211; &#8211; &#8211; Isoon saliin 95 \u20ac (8 ikkunaa)Pieneen saliin 45 \u20ac (4 ikkunaa) Esityslavan taustaverhoilu(5 kaksoisverhoa) valkoisemmat kuin Kes\u00e4kodin verhot &nbsp;&nbsp;&nbsp;&#8211; &#8211; &#8211; 120 \u20ac Kattoverhoilu (7 kpl) valkoinen tai musta kaksiv\u00e4risen\u00e4:&#8211; musta-valkoinen &#8211; sini-valkoinen &#8211; vihre\u00e4-valkoinen ilman s\u00e4vynauhaa (kuten kuvissa mus-valkoinen) 235 \u20ac 255 \u20ac Kattoverhoilu (7 kpl) valkoinen tai musta s\u00e4vynauhan kanssa 295 \u20ac Led-t\u00e4htitaivas valaistus &nbsp;&nbsp; 2500 tunnelmallista ledi\u00e4 75 \u20ac 8-kulmaiset pylv\u00e4\u00e4t valkoiset, 2 kpl 15 \u20ac\/ kpl Lyhdyt valkoinen, musta 5-10 \u20ac\/ kpl T\u00e4ss\u00e4 lis\u00e4tietoa tuolihuppujen hintavaihtoehdoista: Vaihtoehto AVuokra 2,30 \u20ac\/kpl. Asiakas asentaa ne itse ja poistaa tilaisuuden j\u00e4lkeen itse. Vaihtoehto BVuokra 3,00 \u20ac\/kpl. Asiakas asentaa ne itse ja j\u00e4tt\u00e4\u00e4 tuoleihin tilaisuuden j\u00e4lkeen (eli me poistamme ne tuoleista seuraavana aamuna). Vaihtoehto CVuokra 4,00 \u20ac\/kpl. Me asennamme huput ja asiakas poistaa ne itse tilaisuuden j\u00e4lkeen. Vaihtoehto DVuokra 4,50 \u20ac\/kpl. Me asennamme huput ja asiakas j\u00e4tt\u00e4\u00e4 ne tuoleihin tilaisuuden j\u00e4lkeen&nbsp;(eli me poistamme ne tuoleista seuraavana aamuna). T\u00e4st\u00e4 hinnasta saat alennusta 0,50 \u20ac\/kpl, jos tilaat meilt\u00e4 my\u00f6s loppusiivouspalvelun (t\u00e4st\u00e4 palvelusta lis\u00e4tietoa sivuvalikosta \u00b4muut palvelut\u00b4). Kuvat tuolihupuista ja stretch-nauhoista<\/p>\n","protected":false},"author":1,"featured_media":0,"parent":0,"menu_order":0,"comment_status":"closed","ping_status":"closed","template":"","meta":{"footnotes":""},"class_list":["post-132","page","type-page","status-publish","hentry"],"_links":{"self":[{"href":"https:\/\/juhlasomistus.info\/index.php?rest_route=\/wp\/v2\/pages\/132","targetHints":{"allow":["GET"]}}],"collection":[{"href":"https:\/\/juhlasomistus.info\/index.php?rest_route=\/wp\/v2\/pages"}],"about":[{"href":"https:\/\/juhlasomistus.info\/index.php?rest_route=\/wp\/v2\/types\/page"}],"author":[{"embeddable":true,"href":"https:\/\/juhlasomistus.info\/index.php?rest_route=\/wp\/v2\/users\/1"}],"replies":[{"embeddable":true,"href":"https:\/\/juhlasomistus.info\/index.php?rest_route=%2Fwp%2Fv2%2Fcomments&post=132"}],"version-history":[{"count":19,"href":"https:\/\/juhlasomistus.info\/index.php?rest_route=\/wp\/v2\/pages\/132\/revisions"}],"predecessor-version":[{"id":374,"href":"https:\/\/juhlasomistus.info\/index.php?rest_route=\/wp\/v2\/pages\/132\/revisions\/374"}],"wp:attachment":[{"href":"https:\/\/juhlasomistus.info\/index.php?rest_route=%2Fwp%2Fv2%2Fmedia&parent=132"}],"curies":[{"name":"wp","href":"https:\/\/api.w.org\/{rel}","templated":true}]}}